me factors of k.
2, 179
What are the prime factors of 87/(-58)*557*(-4)/6?
557
Let v = 15 + -13. Suppose -4*z - v = -2*r, 4*z + 5*r + 0*r = -37. What are the prime factors of -3 - (z - -4 - 11)?
7
Let l = -4 - -19. Let f = 35 - l. What are the prime factors of f?
2, 5
Suppose 5*b + 0*b = -3*i - 331, -4*b = 5*i + 257. Let k = b - -115. List the prime factors of k.
47
Suppose -q + 6 = 2*q. Suppose q = 4*u - 6. Suppose -w + 3*y = -2*y - 35, -u*w + 34 = 2*y. List the prime factors of w.
2, 5
Suppose 0*a - 4*a = -3*b + 7, -b = -5. Suppose -a*m + p = -181, p - 2*p = 5*m - 456. List the prime factors of m.
7, 13
Let p(d) = 3*d**3 - 5*d**2 + 4*d - 3. Let w be p(3). Let n = w - -170. What are the prime factors of ((-6)/(-3))/(10/n)?
43
Suppose 370 = 3*i + 2*d, 270 = 3*i - 5*d - 65. What are the prime factors of 24/i - 19/(-5)?
2
Let q = 196 - 341. Let h = q - -217. What are the prime factors of h?
2, 3
List the prime factors of (-5 - (-499 - -5)) + -1*1.
2, 61
Let p = 25 - -40. Suppose 0 = 4*m - p - 79. List the prime factors of (-1)/(-1) + -6 + m.
31
Let h(c) = -1 + 56*c**3 + 20*c**3 - 18*c**3. What are the prime factors of h(1)?
3, 19
Let u = 554 + -505. What are the prime factors of u?
7
Let v(x) = 1 - x**3 - x**2 + 6*x + 6*x - 12*x. Let r be v(-2). Suppose -5*y + 146 = -2*b, r*y - y - 103 = -3*b. What are the prime factors of y?
2, 7
Let y(l) = 2042*l**3 + l**2 - 3*l + 3. Let b be y(1). Suppose -337 = -14*f + b. List the prime factors of f.
2, 5, 17
What are the prime factors of (-19599)/(-27) - 41/(-369)?
2, 3, 11
Let y be (-6)/((-27)/6 - -3). Let r be (y/2)/((-18)/(-315)). Suppose -4*w + a = -62, -2*w + r = w + 5*a. List the prime factors of w.
3, 5
Suppose -2*k = -m + 5, 32 = m + 3*m - 2*k. List the prime factors of 2/m + (-14966)/(-126).
7, 17
Suppose -1 = 3*n - 22. Let d(f) = -f**3 - 9*f**2 + 9*f + 2. Let x be d(-10). Suppose -4*j + x = 3*m - n, m = 3*j - 24. What are the prime factors of j?
7
Let r = 46 + -46. Let k = 18 + r. List the prime factors of k.
2, 3
Let j be (-7 - -2) + 7 + 1. What are the prime factors of 1246/105 + j/(45/2)?
2, 3
Let l(o) = -81*o - 73. What are the prime factors of l(-13)?
2, 5, 7
Let q(u) = 3*u**2 - 4*u**2 + 7*u - 4 - 6 + 2*u**2. Let s be q(-8). What are the prime factors of ((-11)/22)/(s/100)?
5
Let w(b) = 2*b**2 - 17*b - 28. List the prime factors of w(11).
3
Suppose 56 = -7*v - 0*v. Let r = 12 + v. List the prime factors of 69*(-5)/(-20)*r.
3, 23
Let n(o) = o**3 + 12*o**2 - 44*o - 28. What are the prime factors of n(-12)?
2, 5
Let n(v) = -v**3 - v + 16. Let i(y) = y**3 + 3*y**2 + 2*y. Let f be (3/3 - -3) + -5. Let d be i(f). What are the prime factors of n(d)?
2
Let w be 3/(-2)*(9480/(-18))/10. Suppose 0 = -3*l + 347 + w. What are the prime factors of l?
2, 71
Let s(r) = r**3 + 2*r**2 + r - 2. Let g be s(1). Suppose 0 = -g*c + 8, 4*j = -0*c + 3*c. List the prime factors of j.
3
Suppose -5*q = -10*q + 20. Suppose b + p = -2, 0 = b + q*p + 16 - 2. Suppose 8 = b*h - 48. What are the prime factors of h?
2, 7
Let c(b) = -b**2 + 6*b + 32. Let a be c(13). Let p = a + 347. What are the prime factors of p?
2, 3
Suppose 18*b - 3409 - 83 = 0. What are the prime factors of b?
2, 97
Suppose -3805 = -5*l + 4*b, 2*b - 953 = -2*l + 551. What are the prime factors of l?
757
Let g(d) = -d**3 - 13*d**2 - 13*d - 1. Let x be g(-6). Let n = 352 + x. List the prime factors of n.
3, 59
Let x be 12/(-42) + 15454/(-7). Let l be 2/(-3) - x/18. What are the prime factors of (l/6)/((-3)/(-9))?
61
Let z = -448 - -1409. List the prime factors of z.
31
Let u(n) = -n + 6. Let g be u(-3). Suppose -5*z = -2*f - 126, -z - 2*f + 21 + g = 0. What are the prime factors of z?
2, 13
Let p(o) = o**3 - o - 1. Let s be p(0). Let h(k) = -88*k - 2. Let z be h(s). Suppose 4*a + 42 = -5*r + 131, -a + z = 5*r. What are the prime factors of r?
17
Suppose 8*x = 2198 + 1394. List the prime factors of x.
449
Suppose -5*j - 42 = -17, -5*j - 43 = -3*y. List the prime factors of 22/4 - (-3)/y.
2, 3
Suppose 95*x - 144057 = 2*x. What are the prime factors of x?
1549
Suppose 2*t = 6*t - o - 637, 3*o - 633 = -4*t. What are the prime factors of t?
3, 53
Let s(m) = -5*m - 2. Let n(x) = 1. Let d(p) = -6*p - 2. Let c(b) = d(b) + n(b). Let a(k) = 4*c(k) - 5*s(k). What are the prime factors of a(-4)?
2
Suppose -4*t - 4*m - 24 = -0*t, -10 = -t - 5*m. Let u(b) be the first derivative of b**3/3 + 5*b**2/2 - 13*b + 5. What are the prime factors of u(t)?
37
Let p(t) = -15*t + 10. Suppose -4*r = -2*z + 2 + 26, 4*r = 4*z - 32. List the prime factors of p(r).
2, 5
Suppose -5*n + 4*n = -3*i - 3, 0 = i - 5*n + 1. Let a(h) = 3 - 69*h - 126*h + 155*h. List the prime factors of a(i).
43
Let l = 234 - 435. Let v = l + 359. What are the prime factors of v?
2, 79
Let d be (48/36)/((-2)/21). Let t = -9 - d. Suppose -t*v + 40 = -100. What are the prime factors of v?
2, 7
Suppose -2*m + 696 + 502 = 0. What are the prime factors of m?
599
Suppose -1 + 5 = k. Suppose t = k*h + 6*t - 8, -5*h - 2*t + 10 = 0. Suppose h*v = -v + 60. What are the prime factors of v?
2, 5
Let z = 30 - 24. Let w(l) = 15*l - 32. List the prime factors of w(z).
2, 29
Let w = -2010 - -4255. What are the prime factors of w?
5, 449
Suppose 916 + 613 = 11*c. List the prime factors of c.
139
Suppose 303*v = 297*v + 18516. What are the prime factors of v?
2, 1543
Let s = 887 - 434. What are the prime factors of s?
3, 151
Suppose 0 = 2*v - 4*v + 2*b + 376, -2*v + 5*b + 370 = 0. Suppose 3*z - 4*g = 416, 3*z + 0*g - 3*g - 414 = 0. Let x = v - z. List the prime factors of x.
2, 3
Suppose -5*z = 4*v + 1, -4*z + 4*v = -36 + 8. Suppose 5*g = -c + 91, -z*g + 0*g = 3*c - 249. List the prime factors of c.
3
Suppose -16*f + 279 = -15*f. Suppose -3*a + 170 = -2*g, g + 0*g - f = -5*a. List the prime factors of a.
2, 7
Let w(f) = 2*f**2 + 2*f - 1. Let g be w(1). Suppose 5*a - 15 = 0, -311 = g*q - 7*q + 3*a. What are the prime factors of q?
2, 5
Suppose -260 = -5*m + 5*b + 305, 0 = 2*m - 3*b - 223. What are the prime factors of m?
2, 29
Let v = 1276 + -198. List the prime factors of v.
2, 7, 11
Let p = 26 - -22. Let r = p + 11. Suppose -4*m + 2*b - 11 + r = 0, 4*m + b = 54. List the prime factors of m.
13
Suppose -40 = -7*a + 86. What are the prime factors of 6*(-2)/a*3 - -20?
2, 3
Let w = 36 - 65. Suppose -n - 177 = -4*n. Let u = n + w. List the prime factors of u.
2, 3, 5
What are the prime factors of (1153 - 3) + 16 + -24?
2, 571
Suppose 104 = x + 6. Suppose -j + 3*o = -17, 4*j + 0*o + 3*o - x = 0. Suppose -j = -2*z - 5*g, -6 = z - 2*g - 4. What are the prime factors of z?
2
Let d = -18 + 11. Let t(g) = -5*g**3 + 12*g**2 - 4*g + 2. Let z(n) = -n**3 + n**2 - n. Let v(c) = -t(c) + 6*z(c). List the prime factors of v(d).
61
Suppose 74*m = 77*m - 1653. What are the prime factors of m?
19, 29
Suppose -83*w = -85*w + 1486. What are the prime factors of w?
743
Suppose -g + 202 + 3 = 0. List the prime factors of g.
5, 41
Suppose -k = -2*t - 46, -k + 58 = 11*t - 9*t. List the prime factors of k.
2, 13
What are the prime factors of 352 - 2*(-49)/(-14)?
3, 5, 23
Let f = -4605 - -8693. What are the prime factors of f?
2, 7, 73
Suppose -1496 = 5*s - 9*s + 4*u, -5*s + u = -1858. List the prime factors of s.
7, 53
List the prime factors of ((-178)/8)/((-89)/10324).
29, 89
Let n = 358 + -205. List the prime factors of n.
3, 17
Let x(g) = -3*g**3 - 6*g**2 - 4*g + 5. Let j be x(-4). Suppose u - 345 = -4*u. Let f = j - u. List the prime factors of f.
2, 3
Let i = -301 - -302. Let j = 8 + -6. Suppose j*x = 13 - i. List the prime factors of x.
2, 3
Suppose 0 = 35*s + 54*s - 422572. What are the prime factors of s?
2, 1187
Suppose -2*u - u = a - 333, 0 = -3*u + 2*a + 324. Suppose u = 14*l - 12*l. What are the prime factors of l?
5, 11
Suppose 4*k - 5 = g, k = -2*k + g + 3. Suppose k*p - 135 = 5*p. List the prime factors of (p/(-12))/(3/20).
5
Let s(h) = h**3 - 4*h**2 - 2*h - 5. Let w be s(5). Suppose 0 = -6*v + w*v + 16. Let m = 62 + v. List the prime factors of m.
2, 29
Suppose 5*u = 2*j - 4 + 1, 3*j = -2*u - 24. Let q be 8/(-10)*(1 + j). What are the prime factors of (3 - q)*(-10 + 1)?
3
Let s(z) = z + 1. Let u(l) = -7*l + 27. Let p(b) = -3*b + 14. Let g(d) = 5*p(d) - 3*u(d). Let w(y) = -g(y) + 5*s(y). List the prime factors of w(0).
2
Suppose 6 = 6*v -